-6)/88)?
2
Suppose -3*a - 52 = -5*m - 6, -m + 2 = 3*a. Let b(d) = m*d**2 + 3*d**3 + 11*d - 2*d**3 + 6 - 3 - 2*d**3. What is the units digit of b(9)?
1
Let x be -10*(-1 - -19)/3. Let s = -42 - x. What is the tens digit of s?
1
What is the tens digit of (-8)/(5 - 11155/2230)?
6
What is the thousands digit of 33680/15 + 12/(-9)?
2
Let k(z) be the first derivative of z**3/3 + z**2/2 - 6*z + 18. What is the units digit of k(-9)?
6
Let j(u) = 623*u + 140. What is the tens digit of j(7)?
0
What is the units digit of (-162)/(-2*(-9)/(-189))?
1
Let n(u) = u**2 - 7*u + 16. Let b be n(5). Let r = b - 22. What is the tens digit of (-436)/r + 12/16?
2
What is the units digit of 140/(-40)*21968/(-28)?
6
Let p = 1932 + 138. What is the units digit of p?
0
Suppose -h - 2*h = -3*w + 36, 2*w + 6 = -4*h. Let m(b) = b**2 - 39*b - 38. Let p be m(40). What is the tens digit of 413/w + 0/p?
5
Let z(f) = -f**3 - 4*f + 4*f**2 + 2 + 5*f - 4*f. Let l be z(3). Suppose l*n - 108 = -5*x, 5*x - 3*x - 47 = 3*n. What is the tens digit of x?
2
Let i be ((-3)/(-1))/(21/(-105)). Let q be (-344)/(-12) - (-4)/(-6). Let v = i + q. What is the units digit of v?
3
Let v(x) = -x**3 + 2*x + 10. Let l be v(-3). Suppose -u + 72 - l = 0. What is the tens digit of u?
4
Let x(h) = 350*h - 182. What is the tens digit of x(9)?
6
Let t = 42 - 86. Let x = 45 + t. What is the units digit of x?
1
Suppose -9 + 9 = -3*c. Let l = 25 + -39. What is the tens digit of (l - 1)*(-1 - c)?
1
Let s = 372 + -222. Suppose 0*u - s = -6*u. What is the units digit of 342/10 - 5/u?
4
Let w(g) = g**3 - 8*g**2 + 7*g + 4. Let h be w(7). Let j = 0 + h. Suppose -193 = -5*q + j*a, 0 = 3*a - 0*a + 6. What is the units digit of q?
7
Suppose 0 = i - 2*a - 10 - 5, 4*a + 20 = 0. Suppose -465 = -i*d + 345. What is the hundreds digit of d?
1
Suppose 70*w - 65*w - 5*p = 9370, -5*p + 9380 = 5*w. What is the hundreds digit of w?
8
Suppose -83 = -5*q + 112. Suppose -q = -5*j - 9. What is the tens digit of (-3)/(j/(-40)) - 1?
1
Let x(s) = -2*s + 2. Let i(p) = -7*p - 7. Let n(a) = -4*a - 4. Let t(o) = -3*i(o) + 5*n(o). Let d be t(-5). What is the tens digit of x(d)?
1
Let c(f) be the second derivative of f**3/6 + 11*f**2 + 4*f - 2. Suppose 41 - 1 = -4*d. What is the tens digit of c(d)?
1
Let o(v) = -2*v**3 - v**2 + 6*v + 532. What is the hundreds digit of o(0)?
5
Let b be (-2)/(-6) - 993/9. Let a = -55 - b. What is the tens digit of a?
5
Let r be 1/1 - (6 - 11). Suppose 0*d = r*d + 6. What is the units digit of 72/2*(2 + d)?
6
Suppose -3*f + 3*i - 3 + 33 = 0, -4*i = -8. Suppose -f*q + 86 + 226 = 0. What is the tens digit of q?
2
Let y(l) = 2*l**3 - l**2 + 7*l - 10. Let n be y(4). Suppose 0 = -4*w - 2 + n. What is the tens digit of w?
3
Suppose 128 = 2*u - 0*u. Suppose 6*l - u = 152. What is the tens digit of l?
3
Suppose 0*y + b = 5*y - 11, -4*y + 2*b + 4 = 0. What is the tens digit of (2 - -13)/y*13?
6
Suppose -2*t + 0*t = 4. Let w(o) = -71 + 2*o**2 - 3*o - 5*o**2 + 66 - 5*o**3. What is the units digit of w(t)?
9
Suppose -4*v + 9*v = 20, -5*v = 5*d - 3575. What is the hundreds digit of d?
7
Let r(g) = 88*g**2 - 19*g - 1. What is the tens digit of r(4)?
3
Let a(h) = h**3 - 25*h**2 - 31*h + 111. What is the tens digit of a(27)?
3
Suppose 8*w = 9*w - 28. Let p = w + 0. What is the units digit of p?
8
Let n = 24 - 22. Suppose -w - 5*t + 274 = -0*w, -n*t = -w + 260. What is the hundreds digit of w?
2
Let l(r) = r**2 + 4*r - 1. Let p be l(-5). Let d = p - 1. What is the units digit of d + (4 - (0 - -1))?
6
Let m be (-1)/((4/(-4))/(-6)). Let p = 11 - 23. Let h = m - p. What is the units digit of h?
6
Let m be 1/(1/(4 - 3)). What is the tens digit of (-8 - 6)/(m/(-2))?
2
Let t = -56 - -313. Suppose 8*p - 420 = 3*p - 5*w, -3*p + t = 2*w. What is the tens digit of p?
8
Let m be 1/((-16)/(-12)) - 52/(-16). What is the tens digit of ((-596)/(-6))/(m/6)?
4
Let l = -4 + 4. Suppose 0 = -h + 3*f - 1 - 5, -3*h + f - 18 = l. Let c = h - -10. What is the units digit of c?
4
Let m(q) = -15 - q**2 - 11*q + 4*q - 9*q. Let n(r) = -3*r**3 + 33*r**2 - 14. Let g be n(11). What is the units digit of m(g)?
3
Let j be -9 - -1 - (-1 - 0). Suppose -2*h + h = 12. What is the units digit of j/42 - 170/h?
4
What is the thousands digit of ((-273)/78)/((-1)/332)?
1
Suppose -5*n = 4*v - 33, -n + 2 = n - 4*v. What is the units digit of 2080/50 - (-2)/n?
2
What is the hundreds digit of (-12)/(-2) + (-18)/9*-329?
6
Suppose 0 = 3*v + 12*v - 675. What is the tens digit of v?
4
Suppose 3*o - 5*o - 5*k + 27 = 0, -o + 21 = 5*k. Let r = o + 52. What is the tens digit of r?
5
Suppose 5*n - 36 = 5*a + 129, -2*n = 2*a - 46. Let k(p) = -3*p + 16. Let z be k(8). Let m = z + n. What is the units digit of m?
0
Suppose -3 = -2*v - 17. Let l be -1*v/(21/120). Suppose 4*f - l - 32 = 0. What is the tens digit of f?
1
Let k(t) be the first derivative of t**3/3 + t**2 - 9*t - 2. What is the units digit of k(-5)?
6
Suppose g + 4 = 2*w - 2, -g = 3*w - 19. Suppose w*r - 122 = -3*s + 245, 0 = -2*s - 2. What is the tens digit of r?
7
Let f = -42 - -44. What is the hundreds digit of 2*(-357)/(-6) - f*-1?
1
Let l = 546 + 218. What is the tens digit of l?
6
Let w be 4/3*15/(-10). Let j be w/(-7) - 26/(-7). Suppose j*s - 50 = -s. What is the tens digit of s?
1
Let h(a) = a**2 + 2. Let r be h(-3). Suppose -4*t - 532 = -r*t. What is the tens digit of t?
7
Let q = 4 + -2. Let w(b) = 3*b**3 + 8*b**q + 6*b + 3*b - 4*b**3 + 12. What is the tens digit of w(9)?
1
Let r(g) = -4*g**3 - 3*g**2 - 31*g - 21. What is the hundreds digit of r(-5)?
5
Suppose -15 + 42 = 3*g - 3*d, -g = 5*d + 15. Let q be g*6/10 - 6. Let o(l) = 4*l**2 - 5*l - 2. What is the units digit of o(q)?
9
Suppose -l = -2*l - 68. Let v be (-6)/14 - l/28. Suppose -4*s = -v*s - 40. What is the units digit of s?
0
Suppose -5*p + 2*o + 155 = 0, 0 = p + 2*o - 1 - 18. Suppose 25*v - p*v = 0. Suppose d - 28 = -v*d. What is the tens digit of d?
2
Suppose -57 = -14*z + 97. What is the tens digit of z?
1
Suppose 9*k + 9 = 12*k. Suppose -5*n = k*o - 381, -4*n + 3*o = -0*n - 321. What is the tens digit of n?
7
Suppose -32 = -63*h + 62*h. Suppose 0 = -2*j - 3 - 1, j + 262 = 5*l. Suppose 4*a - l = h. What is the units digit of a?
1
Let r(b) = b**2 - b - 4. Let c(d) = d**3 + 7*d**2 + 2*d + 6. Let u be c(-7). What is the units digit of r(u)?
8
Let l = 850 - -406. What is the thousands digit of l?
1
Suppose -5*i - 2*q = -4*i - 5, 5*i + 5*q - 40 = 0. Suppose i*c - 7*c = 44. What is the units digit of c?
1
Let l = -591 + 245. Let i = -196 - l. What is the tens digit of i?
5
Let c = -307 - -616. What is the tens digit of c?
0
Let p be (-1)/(-2) + 63/18. Suppose 9*c = 4*c - p*o + 156, 2*c - 52 = o. What is the units digit of c?
8
Let g(z) = -z**3 - 14*z**2 - 17*z + 4. Let v be (-255)/20 - ((-3)/(-4))/3. What is the units digit of g(v)?
6
Suppose -16 = -2*h + 3*w, 3*w + 7 = -4*h + 3. Let l(c) = c + 20. Let u be l(8). Suppose 34 + u = h*z. What is the tens digit of z?
3
Let i(y) = y**3 - 10*y**2 + 25*y - 76. What is the units digit of i(10)?
4
Let y = 129 - -771. What is the tens digit of y?
0
Let o(f) = f - 3. Let a be o(5). Suppose -p - a*n + 0*n = 0, 2*p + 3*n - 4 = 0. Suppose 0 = -2*x + p - 2. What is the units digit of x?
3
Suppose -2*n + 1598 = 2*r, -3*n - 5*r = -3140 + 749. What is the tens digit of n?
0
Let c(o) = 4*o + 58. Let y be c(-12). Suppose -9*z + y*z - 5*d - 61 = 0, 0 = z - d - 65. What is the units digit of z?
6
Suppose -5*y = -3*o + 3124, -10*y + 4146 = 4*o - 7*y. What is the thousands digit of o?
1
Suppose 4*v = 3*v + 12. Let k be (111/v)/(4/16). Suppose -7*j + k = -2*j + 4*t, t = 2*j - 7. What is the units digit of j?
5
Let j(b) = 5*b**2 + 25*b + 5. What is the units digit of j(8)?
5
Suppose -3*s - 3*t = -330, 3*t = 4*s + 8*t - 441. Suppose 11*j = 804 + s. What is the units digit of j?
3
Suppose -16677 = 9*u - 18*u. What is the thousands digit of u?
1
Suppose 0 = 3*w - t - 1476 - 2237, -4*t + 4 = 0. What is the tens digit of w?
3
Let q(l) = 10*l - 11. Let d be q(7). Let b(o) = d - 28 + 6*o - 28. What is the units digit of b(1)?
9
Suppose 0 = 11*y - 9*y - 4. Suppose 40 = y*b + 3*b. Suppose -k = -27 - b. What is the units digit of k?
5
Let m = -92 - -338. What is the hundreds digit of m?
2
Let o(m) = 62*m**2 - 16*m + 38. What is the tens dig